a prime number?
True
Is 3606718507 a composite number?
True
Is 79946893303 prime?
False
Is 3615324241 a prime number?
True
Is 6917163943 composite?
True
Is 491130769 a composite number?
False
Is 199313695109 a prime number?
True
Is 852398093 a composite number?
True
Is 431179319 composite?
True
Is 74607301 a composite number?
False
Is 30354080711 prime?
True
Is 5402927093 a prime number?
False
Is 1176643259 a composite number?
True
Is 17404322147 composite?
False
Is 11667672937 a composite number?
False
Is 163754892649 a prime number?
True
Is 3347072545 a composite number?
True
Is 20821065709 a prime number?
True
Is 325914877 a composite number?
False
Is 5763150463 a prime number?
False
Is 6416031959 prime?
True
Is 1909058713 composite?
False
Is 2087627989 composite?
False
Is 9471049799 prime?
False
Is 6648942679 a prime number?
False
Is 4035870403 a composite number?
True
Is 676284751 a prime number?
False
Is 3206981957 a composite number?
False
Is 74716541083 a prime number?
False
Is 155313656897 a prime number?
False
Is 82409401 a prime number?
False
Is 6879180871 prime?
True
Is 25511435777 prime?
True
Is 77557361887 a composite number?
False
Is 5734945 a prime number?
False
Is 591525841 a prime number?
False
Is 10172968921 composite?
True
Is 30690373099 a prime number?
True
Is 6578425571 prime?
False
Is 234593827 prime?
False
Is 12952416947 prime?
False
Is 54213398989 prime?
True
Is 286661057 composite?
False
Is 844848149 prime?
True
Is 190866583 a composite number?
False
Is 33947503537 prime?
True
Is 24541242359 composite?
True
Is 1786942921 a prime number?
True
Is 6555758343 a prime number?
False
Is 10425171293 composite?
False
Is 367995107957 a prime number?
True
Is 17527388947 a prime number?
False
Is 60618501583 prime?
True
Is 3538070423 prime?
True
Is 4641454039 a composite number?
True
Is 43277898731 composite?
True
Is 199815775595 composite?
True
Is 499753047 prime?
False
Is 1428689939 a prime number?
True
Is 974196967 composite?
True
Is 23495728565 prime?
False
Is 1667412011 a prime number?
False
Is 44373284921 composite?
True
Is 2833304429 composite?
False
Is 38842726511 a prime number?
True
Is 1047027743 prime?
False
Is 700460177 a composite number?
False
Is 20430121 composite?
False
Is 1399631747 prime?
True
Is 19391741 a composite number?
False
Is 224962 prime?
False
Is 27626476321 composite?
True
Is 9270359513 prime?
True
Is 62758453 a composite number?
False
Is 1338380939 composite?
True
Is 748561857 composite?
True
Is 2491923263 composite?
False
Is 524053723 a composite number?
True
Is 47578586149 composite?
False
Is 42455078483 a prime number?
True
Is 1370091854 a prime number?
False
Is 12059801 a prime number?
False
Is 367246441 prime?
False
Is 96605728829 composite?
True
Is 5587261019 prime?
False
Is 3230071873 composite?
True
Is 206455971301 composite?
True
Is 55266543047 a composite number?
False
Is 38761714657 prime?
False
Is 545145649 a composite number?
False
Is 484522537 a prime number?
True
Is 49594903889 a composite number?
False
Is 70118319149 a composite number?
False
Is 3296223197 composite?
True
Is 12605505383 a composite number?
False
Is 314212879 prime?
True
Is 35420961313 prime?
True
Is 19459173889 a composite number?
True
Is 10366812871 prime?
True
Is 54683689 composite?
True
Is 3481162961 composite?
False
Is 1265497237 composite?
True
Is 5623499351 prime?
True
Is 156144802321 a composite number?
False
Is 906348067 composite?
False
Is 5637530051 composite?
False
Is 11318246123 prime?
True
Is 5937744821 a prime number?
False
Is 195127601 a prime number?
False
Is 893916407 composite?
False
Is 4593942641 a composite number?
False
Is 27970339877 composite?
False
Is 497770241 a composite number?
True
Is 665372389 composite?
True
Is 162230749465 composite?
True
Is 2332268681 composite?
True
Is 117990510619 prime?
True
Is 89977945595 composite?
True
Is 788863211 a prime number?
True
Is 732108197 a composite number?
False
Is 2189213239 composite?
False
Is 3268926371 prime?
False
Is 8156730203 a composite number?
True
Is 1613350423 prime?
True
Is 993325899 a prime number?
False
Is 154682220921 composite?
True
Is 508470667 a composite number?
True
Is 2579858461 prime?
True
Is 141740518879 a composite number?
False
Is 11907432773 a composite number?
False
Is 409400419 composite?
False
Is 313447881023 a prime number?
True
Is 17681684073 a prime number?
False
Is 20470123 composite?
False
Is 8217821987 composite?
True
Is 102265073413 composite?
False
Is 332454755 composite?
True
Is 82078032919 prime?
False
Is 10516386259 prime?
False
Is 67297899857 a composite number?
False
Is 216505223339 a composite number?
False
Is 1049899687 composite?
True
Is 5681777545 composite?
True
Is 350354393 a composite number?
False
Is 460233479 a prime number?
True
Is 47849812579 a prime number?
False
Is 2436380951 prime?
True
Is 11135819941 prime?
True
Is 1024085039 prime?
True
Is 2750998363 prime?
True
Is 85904017361 a prime number?
False
Is 374519477 a prime number?
False
Is 178318043 prime?
False
Is 23243737727 prime?
False
Is 33002860063 composite?
False
Is 143071964515 a prime number?
False
Is 28431615581 prime?
False
Is 6071979526 a prime number?
False
Is 1797955777 composite?
False
Is 39577357 composite?
False
Is 64336302959 a prime number?
True
Is 555255053 composite?
False
Is 21038463733 a composite number?
True
Is 20788558639 composite?
False
Is 548426521 a composite number?
False
Is 184258433 composite?
True
Is 120950509 composite?
True
Is 1392108457 prime?
False
Is 5994773069 a prime number?
True
Is 6401997157 a composite number?
False
Is 255661493 composite?
False
Is 29228926313 prime?
True
Is 7682972363 a prime number?
False
Is 33140851 composite?
True
Is 249833119 composite?
True
Is 1749731 composite?
False
Is 884305018 a prime number?
False
Is 6050444863 prime?
False
Is 6495522479 a prime number?
False
Is 78029183 prime?
True
Is 1702858441 prime?
True
Is 1252965653 prime?
False
Is 4775678627 a composite number?
False
Is 809584201 composite?
False
Is 15763800959 a composite number?
True
Is 164552797399 a prime number?
False
Is 11846579659 a prime number?
False
Is 662215363 a prime number?
True
Is 12264025387 a composite number?
True
Is 5256908409 a composite number?
True
Is 35355012311 a prime number?
False
Is 566102837 prime?
False
Is 663637655 prime?
False
Is 1525716197 composite?
True
Is 1862604037 composite?
True
Is 2838321779 prime?
True
Is 4009157357 composite?
False
Is 8150904097 a composite number?
True
Is 87195972907 composite?
True
Is 10123208281 prime?
True
Is 14154398663 composite?
True
Is 1406718239 a composite number?
False
Is 1116962261 prime?
False
Is 21380881681 a composite number?
True
Is 960750953 a prime number?
False
Is 4023938081 a composite number?
False
Is 12326736901 composite?
False
Is 282972941 a composite number?
False
Is 546768007 a composite number?
False
Is 196395041591 a composite number?
True
Is 10051336797 a composite number?
True
Is 4122978155 prime?
False
Is 9469471651 a prime number?
True
Is 225775954291 a prime number?
False
Is 4746875101 a composite number?
False
Is 42305240051 prime?
True
Is 9139865901 a composite number?
True
Is 13157883187 prime?
True
Is 12489612553 a prime number?
False
Is 7419800083 a composite number?
True
Is 101069627 composite?
False
Is 12010660439 a prime number?
True
Is 143962033 prime?
True
Is 80374809899 a composite number?
False
Is 8131222373 a composite number?
True
Is 17762806 composite?
True
Is 851400769 a prime number?
True
Is 13381563281 a prime number?
True
Is 1319556841 prime?
True
Is 237719663 a prime number?
False
Is 2065901729 a prime number?
True
Is 22662472219 a composite number?
True
Is 11126848801 prime?
False
Is 786367811 prime?
False
Is 38311951463 a composite number?
False
Is 151186498917 a composite number?
True
Is 4305324847 prime?
False
Is 17470504903 prime?
False
Is 10479747037 composite?
False
Is 9680124011 a prime number?
False
Is 5010573899 a prime number?
False
Is 15351399347 a composite number?
True
Is 1167337777 a prime number?
True
Is 181073180837 a composite number?
False
Is 200845082 prime?
False
Is 3644291383 composite?
False
Is 999430661 a prime number?
False
Is 740459903 composite?
True
Is 5659606699 a composite numbe